r when 777 is divided by m.
91
Let q(r) = 3*r**3 - r**3 - 3*r**2 + 10*r**2 - 3 - 3*r**3. Let h be q(6). What is the remainder when h/2*8/3 is divided by 23?
21
Let s(g) = 9*g + 3. Let t be s(-5). Let p = t + 93. What is the remainder when p is divided by 18?
15
Let x = 117 + -180. Let k = 146 + x. What is the remainder when k is divided by 28?
27
Let z = 31 - 15. Calculate the remainder when z is divided by (2/(-4))/((-6)/72).
4
Let b(h) = -8*h + 2. Let j be b(1). Let u be (-120)/j*(-12)/10. What is the remainder when 53 is divided by ((-114)/u)/(3/12)?
15
Let w be 1*6/3 - 15. Let z = w - -25. What is the remainder when z is divided by 5?
2
Suppose 164*n - 208*n = -396. Calculate the remainder when 128 is divided by n.
2
Let n(q) = -q**2 + 4*q + 7. Let l be n(6). Let m = l - -5. Suppose 3*o + z - 2*z = 37, m = 5*z + 5. Calculate the remainder when 23 is divided by o.
11
Let n(v) = v + 7. Let i be n(-8). Let r(m) = -22*m**3. Let g be r(i). Suppose 0 = 4*l - g - 38. What is the remainder when l is divided by 10?
5
Let s = -520 - -556. Calculate the remainder when 104 is divided by s.
32
Let o(v) = v**3 - v**2 + 1. Let k be o(2). Suppose 3*u = -4*m + 10, 2*u - k*m + 8 = 5*u. What is the remainder when 11 is divided by u?
5
Suppose 2*m = 3*n - 369, n - m - 141 + 18 = 0. Calculate the remainder when n is divided by 14.
11
Let f be 7 + (-9)/(36/8). Let a = -1 + -1. What is the remainder when 94 is divided by f*(a - (-29)/5)?
18
Let q(c) = 3*c**3 + 2*c**2 - 7*c + 2. Let t be q(3). Calculate the remainder when 326/9 + (t/(-36) - -2) is divided by 21.
15
Let q be 63/14 - 2/4. Suppose 5*h + 158 = 2*i, i + q*h = h + 57. Calculate the remainder when i is divided by 9.
6
Let v(i) = -2*i**2 - 3*i + 21. Calculate the remainder when 329 is divided by v(0).
14
Let c(g) = g**3 + g**2 - 44*g + 19. Let u(m) = 5*m**2 - m - 2. Suppose -r - 3 = -1. Calculate the remainder when u(r) is divided by c(6).
6
Suppose 24 = 4*k + 2*d, -3*d - 8 = -4*k - 9*d. What is the remainder when (1 - -54)*4/10 is divided by k?
6
Let c(w) = 3*w**3 - 2*w**2 + w. Let d be c(1). Let n = d - -37. Calculate the remainder when 194 is divided by n.
38
Suppose 0 = -5*g - 3*w - w + 163, -5*g + 4*w + 187 = 0. Calculate the remainder when g is divided by 9.
8
Suppose n = 5*n + 16. Let j = n + 23. Calculate the remainder when 94 is divided by j.
18
Let x be 2/(-4) + 24/(-16). Calculate the remainder when 17 is divided by 11 + x + 0/(-3).
8
Suppose -3*y = -47 - 94. Suppose y + 25 = 4*m. Calculate the remainder when m is divided by 7.
4
Let j = -68 + 96. Calculate the remainder when 164 is divided by j.
24
Suppose 4*v - 612 + 140 = 0. Suppose -52*o = -34*o - 540. What is the remainder when v is divided by o?
28
Let a(n) = 66*n - 1. Let v be a(-1). Let u = -26 - v. Let g(b) = b**3 - 14*b**2 + 24*b + 14. Calculate the remainder when u is divided by g(12).
13
Suppose 11*t + 504 = 20*t. Calculate the remainder when t is divided by 15.
11
Let p(n) = 27*n + 471. Calculate the remainder when 294 is divided by p(-14).
15
Suppose 162 = -0*v + 3*v. Let a = 423 - 395. Calculate the remainder when v is divided by a.
26
What is the remainder when 58 is divided by 2/(-5)*60/(-2)?
10
Suppose 0 = 5*h - 15, 8*h - 2700 = -2*j + 6*h. Calculate the remainder when j is divided by 15.
12
Let v = -240 - -254. Suppose -14 = -a - 4. Suppose -a = -l + 15. Calculate the remainder when l is divided by v.
11
Suppose 0 = 75*q - 77*q + 1680. Suppose 6*d + q = 20*d. Calculate the remainder when d is divided by 16.
12
Suppose 5*d - 2*l = 13, 0 = -5*l + 10 - 5. Calculate the remainder when d is divided by 1.
0
Let p(c) = c**3 + 17*c**2 + 14*c - 22. Let i(l) be the third derivative of 3*l**5/4 + l**3/6 - 11*l**2. Calculate the remainder when i(-1) is divided by p(-16).
6
What is the remainder when 214 is divided by (-16)/3*837/(-62)?
70
Let p = 14 - 3. Calculate the remainder when p is divided by ((-3)/(-2))/(14/28).
2
Let o = 6 - -17. Let n = -2504 - -2513. What is the remainder when o is divided by n?
5
Suppose 3 = -w + 5. Let q = w + 1. What is the remainder when 61 is divided by q + -1 + 17 + -3?
13
Let o = 128 - 69. Let b be (-1)/(((-1)/1)/o). Let c = -24 + b. Calculate the remainder when c is divided by 9.
8
Let l(o) = 86*o + 33. What is the remainder when l(4) is divided by 65?
52
Let t be 5/((-60)/8)*60. Let c = -78 - t. Let a = -22 - c. What is the remainder when a is divided by 6?
4
Suppose 21*n - 655 + 151 = 0. What is the remainder when n is divided by 3?
0
Let q be 6/7*(-49)/(-14). Suppose q*g + 0 = 33. Let r = g - 4. What is the remainder when 24 is divided by r?
3
Let t(l) = l**3 - 7*l**2 - 15*l - 11. What is the remainder when 74 is divided by t(9)?
10
Suppose 301 = 33*c - 491. Calculate the remainder when 183 is divided by c.
15
Let u(r) = r + 12. Suppose 2*x + 2*b = -0*x + 14, 4*x + 5*b - 24 = 0. Calculate the remainder when u(8) is divided by x.
9
Let a = 35 + -49. Let z = a - -13. What is the remainder when 12 is divided by 2*z - (-1 - 8)?
5
Let g = 1804 - 1790. Calculate the remainder when 387 is divided by g.
9
Calculate the remainder when 47 is divided by 1/(-7) + (-1243)/(-77) + -3.
8
Suppose 0 = 3*d + d - 20. Suppose 0 = -d*z + 496 - 41. What is the remainder when z is divided by 1/(-6) - 2*(-935)/60?
29
Let d(s) = -s**2 - s + 13. Let c be 41/(-3) - 6/(-9). Let i = 49 + c. What is the remainder when i is divided by d(0)?
10
Let z(x) = -7*x - 10. What is the remainder when 1619 is divided by z(-10)?
59
Suppose 4 + 6 = 5*i. Let w(t) = 9*t + 8*t**i + 2*t - t**3 - 4 + 0*t**2 + 0*t. Calculate the remainder when 55 is divided by w(9).
13
Let z = 228 - 127. Calculate the remainder when 502 is divided by z.
98
Suppose -4*w = z - 132, z - 200 = -6*w - z. What is the remainder when 252 is divided by w?
28
Let p(w) = 2*w + 40. Let z be p(-18). Suppose -67 = -2*g - 2*g - 3*f, 5*g = z*f + 45. Let v = 93 + -56. Calculate the remainder when v is divided by g.
11
Let h(x) = 4*x**2 - 8. Calculate the remainder when h(-6) is divided by 47.
42
Let u(g) = -3*g + 889. Calculate the remainder when u(-20) is divided by 56.
53
Let c(s) = 56*s**3 + s**2 - 3*s + 1. Calculate the remainder when c(1) is divided by 12.
7
Suppose 7*k = 12*k - 10. Let a be (-1 + k)*-3 - -59. Suppose 10*n = 6*n + a. Calculate the remainder when 54 is divided by n.
12
Let n(j) = -j**3 - 4*j**2 - 5*j - 3. Suppose a - 5 = -5*b - 2, b + 19 = -3*a. Let d(i) = -i**2 - 9*i - 5. What is the remainder when d(a) is divided by n(-3)?
0
Suppose 0 = -3*b + 10*b - 1309. What is the remainder when b is divided by 34?
17
Suppose 117 = 7*p + 26. Calculate the remainder when 114 is divided by p.
10
Let m = -437 - -730. Calculate the remainder when m is divided by 51.
38
Suppose 0 = 5*w + 3*d - 73, -27*w + 23*w + 5*d = -51. Let a = -3 - -9. What is the remainder when w is divided by a?
2
Suppose 58*n = -13*n + 87898. What is the remainder when n is divided by 31?
29
What is the remainder when 32 is divided by 5110/219 + 2/3?
8
Suppose 5*i - 120 = -20. What is the remainder when (-340)/(-9) - 104/(-468) is divided by ((-6)/4)/((-3)/i)?
8
Suppose -21*n + 4*z = -20*n - 105, n + 4*z - 121 = 0. What is the remainder when n is divided by 9?
5
Let v = 263 - 236. Suppose f - 1 = 10. Calculate the remainder when v is divided by f.
5
Let q(z) = -z**3 + 32*z**2 - 34*z + 184. What is the remainder when q(31) is divided by -2 + 0 - (-24 - 1)?
22
Let a = 9 + -3. Let g be (-30)/(-105) - 4/14. Suppose o + 18 = 2*t, 4*t + g - 30 = 5*o. What is the remainder when t is divided by a?
4
Let q(s) = -s + 8. Let g be q(4). Let a(b) = 3*b - 10 + g*b + 11. What is the remainder when a(2) is divided by 4?
3
Let d(r) = -2*r**3 - 11*r**2 - 6*r - 31. What is the remainder when 234 is divided by d(-6)?
29
Let c = 1890 - 1695. Calculate the remainder when c is divided by 4.
3
Let u(o) = -4*o**2 - 59*o - 141. What is the remainder when 83 is divided by u(-11)?
11
Let x(n) = -n**2 - 18*n - 40. What is the remainder when 50 is divided by x(-6)?
18
Let g be (-66)/(-10) + 8/20. Let h = g - 2. Suppose 47 + 18 = h*y. What is the remainder when y is divided by 7?
6
Suppose 3*a + 27 + 33 = 0. Let b = -12 - a. Suppose -u - 54 = -z - z, z - 4*u = 13. Calculate the remainder when z is divided by b.
5
Suppose -5*j +